
Let q = -11 + 20. Let p = 1 - 3. Calculate the remainder when q is divided by (-1)/p*20/2.
4
Let r(o) = o + 2. Let j be r(-3). Let a = -147 + 221. What is the remainder when a is divided by (-1*(17 - -2))/j?
17
Suppose x = -4*t - 30 + 208, -t = 3*x - 50. What is the remainder when t is divided by 15/(-4)*(-4 + 0)?
14
What is the remainder when 2*31/2*(-1)/(-1) is divided by 17?
14
Suppose 0 = -5*b - 6*s + s + 60, 3 = b - 2*s. Let w(j) = j + 4. Calculate the remainder when 25 is divided by w(b).
12
Suppose -13*a + 449 + 6 = 0. What is the remainder when a is divided by 12?
11
Let h(g) = -5*g**2 - 4*g. Let v(o) = 4*o**2 + 5*o + 1. Let m(c) = -6*h(c) - 5*v(c). Let y = 54 + -26. What is the remainder when m(3) is divided by y?
26
Suppose 0 = 4*g - 5*l - 60, g + 2*l - 14 = 3*l. What is the remainder when 28 is divided by g?
8
Let d = -15 + -2. Let i = -6 - d. Calculate the remainder when (1 + 3*-1)*-10 is divided by i.
9
Suppose 2*f + 2*f = -16, 2*f - 104 = -4*k. Let a be ((-5)/(-5))/((-1)/(-6)). Suppose -a*j + 2*j + 60 = 0. What is the remainder when k is divided by j?
13
Suppose 57 = 3*b + 3*u, 6*b = b + u + 83. What is the remainder when 66 is divided by b?
15
Suppose 61*m - 57*m - 64 = 0. Calculate the remainder when 30 is divided by m.
14
Let n(l) = -19*l + 25. Let q(i) = -9*i + 12. Let t(c) = -c. Let z be t(-6). Let y(o) = z*n(o) - 13*q(o). Calculate the remainder when 47 is divided by y(10).
23
What is the remainder when 588/16 + 1/4 is divided by 10?
7
Suppose 0 = -10*d + 5*d + 45. What is the remainder when (-88)/(-6) - 1/(-3) is divided by d?
6
Let d be 3*(2 + (-3 - -2)). Suppose 3*l + 99 = -0*f - d*f, l = -2*f - 32. Let z = -17 - l. What is the remainder when 32 is divided by z?
15
Suppose -h = 3*h - 4. Let c be 3 + -3 + 1/h. What is the remainder when 17 is divided by c + 8 - (7 + -4)?
5
Suppose -4*l - l + 105 = 0. Calculate the remainder when l is divided by (-1)/3 - 444/(-36).
9
Suppose l = -a + 8, l = -0*a + 4*a + 23. Suppose 2*o + 2*d = -5 + 15, 0 = -5*o + 5*d + 15. Calculate the remainder when l is divided by (o/(-5))/((-16)/120).
5
Let h = -81 - -141. Suppose -3*p - h = -3*j, 5*p + 4 = -11. Calculate the remainder when j is divided by 9.
8
Let n(w) = 2*w - 4. Let q be n(7). What is the remainder when ((-4)/q)/(1/(-95)) is divided by 13?
12
Let h = -89 + 100. Calculate the remainder when h is divided by (-1)/3 + 44/6.
4
Suppose -2*m + 1 = -3. Let i(y) = 2*y**2 + 2*y. Let p be i(-2). Suppose -m*q + 30 = -4*o, -p*o + 11 = 2*q - 11. Calculate the remainder when q is divided by 5.
3
Let j = -33 + 57. Calculate the remainder when 69 is divided by j.
21
Let w be (-2 - -3 - 2)*-1. Suppose 0*q = -q + w. Let b = 8 - q. Calculate the remainder when 13 is divided by b.
6
Let p(x) = -3*x + 2. Let i be p(-2). Suppose -2*v + i = 0, 0 = -4*a + 6*v - 2*v + 16. Calculate the remainder when 15*((-2)/(-1))/2 is divided by a.
7
Let d be 45/(-6)*(-16)/12. Suppose -2*w + d = 3*w. Suppose 5 = w*a - 5, -a - 40 = -3*s. Calculate the remainder when s is divided by 4.
3
Let b be 1086/27 - 4/18. Let q(k) = -k**2 - 9*k - 15. Calculate the remainder when (-12)/(-10)*b/6 is divided by q(-6).
2
Suppose -13 = -6*b + 11. Let d = 32 - 22. Calculate the remainder when d is divided by b.
2
Let s = -4 - 19. Let g = 14 + s. Let y = 23 + g. Calculate the remainder when y is divided by 5.
4
Let p(b) = -b - 6. Suppose 4*g - 21 = 11. Let f be p(g). What is the remainder when (-7)/(f/120) - 1 is divided by 20?
19
Suppose 3*w - 50 = -2*w. What is the remainder when (-2)/w + 282/10 is divided by 10?
8
Suppose 4*c = -3*k + 8, 22 + 14 = 4*c - 4*k. Suppose -c*a = -0*a - 10. Let l(d) = 6*d + 1. What is the remainder when l(1) is divided by a?
1
Let x(i) = -i**3 - 12*i**2 - 12*i - 1. What is the remainder when 2*(-2)/(-14) + 250/7 is divided by x(-11)?
6
Suppose -2*k + 2*n = -n - 128, -3*k + 5*n + 190 = 0. Suppose -4*a - a = -k. Suppose -9 = 2*q - 63. Calculate the remainder when q is divided by a.
13
Let t be (-32)/14 - (-4)/14. Let w(h) = -3*h**3 + 4*h**2 + 2*h - 2. Calculate the remainder when w(t) is divided by 12.
10
Suppose p - 2*s = 3*p + 18, -5*s = 25. What is the remainder when 708/27 - p/(-18) is divided by 9?
8
Let h = 298 + -206. Let q = h - 42. Suppose -4*d + 28 = -40. What is the remainder when q is divided by d?
16
Suppose 2*p - 38 = -2*f, -2*p = p + 5*f - 55. What is the remainder when 756/13 - 8/52 is divided by p?
18
Suppose p + q = 2*p - 6, -3*p + 28 = -5*q. Suppose 2 = -v - 0. What is the remainder when v/(-5) - (-9)/15 is divided by p?
0
Suppose -22 = -2*n + 26. Suppose 0*a = 4*a - n. Suppose 17 = 2*y - 17. What is the remainder when y is divided by a?
5
Let a(g) = g**3 - g. Let l(j) = 4*j**2 + 7*j + 4. Let n(p) = a(p) - l(p). Let b be n(6). Let h = 35 - b. What is the remainder when h is divided by 8?
7
Calculate the remainder when 7/35 - ((-447)/15 + -2) is divided by 12.
8
Let c(p) = -6*p**3 + p**2 + p + 2. What is the remainder when 100 is divided by c(-2)?
48
Let b = 0 - 3. Let v be (6/(-4))/(b/(-6)). Let l = v + 4. Calculate the remainder when 1 is divided by l.
0
Let h(x) be the second derivative of -x**5/20 - x**4/4 + 3*x**2/2 - x. What is the remainder when 3 is divided by h(-3)?
0
Let y be (-10)/(-55) + (-563)/11. Let b = -24 - y. What is the remainder when b is divided by 7?
6
Let l = 35 + -66. Let v be 66 - (-1)/2*0. Let i = v + l. Calculate the remainder when i is divided by 12.
11
Let n = 19 - 16. Calculate the remainder when 10 is divided by n.
1
Suppose 0 = 2*o - 0*o + 2*r - 14, -5*r = -o + 7. Suppose 2*x + 1245 = o*x. Calculate the remainder when (-2)/(-5) + x/15 is divided by 6.
5
What is the remainder when 49 is divided by (3/1 - 1)/(10/130)?
23
Suppose 5*w = 12 + 38. Calculate the remainder when (9/(-18))/((-2)/68) is divided by w.
7
Let l(x) = x**3 - x**2 - x - 1. Let b(d) = d**3 - 4*d + 1. Let n(a) = b(a) - 2*l(a). Let m be n(2). What is the remainder when ((-87)/6)/(m/2) is divided by 10?
9
Suppose 0*r + 72 = 3*r. What is the remainder when 69 is divided by r?
21
Suppose 3 = d - 1, 72 = 4*j + 2*d. Let y = -17 + 25. Suppose -4*r + y = -j. What is the remainder when 11 is divided by r?
5
Let w be (4/3 + 0)*-3. What is the remainder when 7*5/((-5)/w) is divided by 15?
13
Let z(f) = 2*f - 7. Let u be z(6). Suppose 0 = -u*n - 3*c - 146 + 31, 3*c + 37 = -2*n. Let w = n - -46. Calculate the remainder when 59 is divided by w.
19
Let b(i) = -i**3 - 2*i**2 + 3*i + 2. Let r be b(-4). Suppose -6 = 4*g - r. Calculate the remainder when g is divided by 2.
0
Let n = 35 + -21. Suppose 5*r + n = 64. Calculate the remainder when 6 is divided by -8*(r/(-4) + 2).
2
Let z(s) = -s**3 - 7*s**2 + 6*s - 8. Let w = -15 + 13. Let r = 1 - w. Calculate the remainder when z(-8) is divided by r.
2
Suppose -q - 2 + 6 = 0. Suppose 0 = -d + q*d - 39. What is the remainder when 36 is divided by d?
10
Let y = 0 + 2. Suppose p = y*p - 29. Suppose -4*k - k = -50. Calculate the remainder when p is divided by k.
9
Suppose 3*g + g = 360. What is the remainder when g is divided by 16?
10
Suppose -3 = 5*l + 4*z - 113, -3 = -l + 3*z. Let m(h) = 8 + 2*h - 1 + 2 - 3*h. What is the remainder when l is divided by m(4)?
3
Calculate the remainder when 5 is divided by (4/(-6))/(11/(-9) - -1).
2
Suppose o - 14 = -7. What is the remainder when 41 is divided by o?
6
Let l(m) = m + 9. Let t be l(-8). Let x be 0 + -1 + 0 + 3. Calculate the remainder when (x - -1)/(t/4) is divided by 7.
5
Let y(z) = -3*z - 1. Suppose -s - 3*i - 12 = 9, -5*s = 5*i + 55. What is the remainder when 48 is divided by y(s)?
14
Suppose 1020 = 26*b - 22*b. What is the remainder when b is divided by 16?
15
Suppose 0 = 2*u + 4*n - 21 - 9, 3*u - 5*n - 1 = 0. Suppose -3*y + 3 = 12, -y - 15 = -i. What is the remainder when i is divided by u?
5
Suppose a + 16 = -14. Suppose -5*t + 128 = -2*s + 6*s, -5*s + 4*t + 201 = 0. What is the remainder when s is divided by ((-156)/a)/(4/10)?
11
Let g(b) = -22*b. What is the remainder when g(-2) is divided by 15?
14
Suppose 14 + 11 = 5*b. What is the remainder when 18 is divided by b?
3
What is the remainder when 1 + (120 - (-5)/(-1)) is divided by 30?
26
Let x = 17 + -13. Suppose -4*n = x*m - 44, 3*n + 0*m = 2*m + 43. What is the remainder when 36 is divided by n?
10
Suppose 2 = 